
What is the ten millions digit of 12401625?
1
What is the tens digit of 999283186?
8
What is the units digit of 1439058373?
3
What is the millions digit of 200141932?
0
What is the millions digit of 165770844?
5
What is the hundred thousands digit of 115532547?
5
What is the millions digit of 8379692?
8
What is the hundred millions digit of 652107037?
6
What is the tens digit of 47476875?
7
What is the ten thousands digit of 37402870?
0
What is the hundreds digit of 156644973?
9
What is the ten millions digit of 95077161?
9
What is the tens digit of 9010222281?
8
What is the thousands digit of 2757075340?
5
What is the thousands digit of 1269649143?
9
What is the units digit of 87921010?
0
What is the ten millions digit of 23301489?
2
What is the hundreds digit of 60549986?
9
What is the units digit of 276154?
4
What is the millions digit of 113102784?
3
What is the millions digit of 155551426?
5
What is the tens digit of 69651440?
4
What is the hundred thousands digit of 50835247?
8
What is the hundred thousands digit of 3032781716?
7
What is the hundred thousands digit of 2678823662?
8
What is the hundred thousands digit of 104177573?
1
What is the thousands digit of 193595290?
5
What is the tens digit of 91250480?
8
What is the millions digit of 6138174?
6
What is the tens digit of 15197035?
3
What is the ten thousands digit of 14222878?
2
What is the hundred thousands digit of 257843010?
8
What is the ten millions digit of 1616489561?
1
What is the tens digit of 5147712170?
7
What is the millions digit of 35570066?
5
What is the thousands digit of 593326551?
6
What is the millions digit of 55345307?
5
What is the hundred thousands digit of 160961373?
9
What is the ten thousands digit of 233690626?
9
What is the hundred millions digit of 1044795651?
0
What is the tens digit of 860637080?
8
What is the units digit of 1334839162?
2
What is the tens digit of 2677495308?
0
What is the hundreds digit of 208707502?
5
What is the hundred millions digit of 156948431?
1
What is the ten millions digit of 3415500143?
1
What is the millions digit of 524948118?
4
What is the ten millions digit of 110672253?
1
What is the tens digit of 406188296?
9
What is the millions digit of 1852011970?
2
What is the hundreds digit of 3316388982?
9
What is the units digit of 2988215?
5
What is the billions digit of 1099200789?
1
What is the hundreds digit of 1367913601?
6
What is the hundred thousands digit of 21769741?
7
What is the millions digit of 236816425?
6
What is the tens digit of 132104991?
9
What is the units digit of 248434725?
5
What is the millions digit of 6204093975?
4
What is the units digit of 21824751?
1
What is the tens digit of 2222361459?
5
What is the billions digit of 1348035555?
1
What is the ten thousands digit of 173275328?
7
What is the hundred thousands digit of 42542915?
5
What is the tens digit of 93425964?
6
What is the ten thousands digit of 6246372?
4
What is the thousands digit of 16560750?
0
What is the millions digit of 3767438?
3
What is the millions digit of 1880876858?
0
What is the hundred thousands digit of 5420316?
4
What is the ten thousands digit of 198473629?
7
What is the ten thousands digit of 4047049167?
4
What is the hundred thousands digit of 2193826228?
8
What is the hundred thousands digit of 1011739438?
7
What is the hundred thousands digit of 727403474?
4
What is the ten thousands digit of 38073894?
7
What is the ten thousands digit of 3537082508?
8
What is the hundred millions digit of 443264945?
4
What is the ten millions digit of 2260771202?
6
What is the hundred thousands digit of 681446517?
4
What is the tens digit of 7766489?
8
What is the thousands digit of 3157574230?
4
What is the thousands digit of 60994156?
4
What is the thousands digit of 45351066?
1
What is the ten millions digit of 41959878?
4
What is the millions digit of 270301932?
0
What is the hundreds digit of 501113947?
9
What is the ten thousands digit of 1148207189?
0
What is the units digit of 334954337?
7
What is the thousands digit of 2105404757?
4
What is the hundred thousands digit of 408223442?
2
What is the millions digit of 177894750?
7
What is the millions digit of 42829040?
2
What is the units digit of 100547778?
8
What is the units digit of 71682169?
9
What is the hundred millions digit of 5573435683?
5
What is the ten millions digit of 451990356?
5
What is the ten millions digit of 324263478?
2
What is the hundreds digit of 715039979?
9
What is the hundreds digit of 745471802?
8
What is the hundreds digit of 48285946?
9
What is the millions digit of 590481347?
0
What is the units digit of 8168178721?
1
What is the hundred thousands digit of 40740523?
7
What is the ten millions digit of 36897713?
3
What is the tens digit of 4597096?
9
What is the thousands digit of 293501174?
1
What is the units digit of 69360661?
1
What is the thousands digit of 1511596013?
6
What is the ten thousands digit of 75045354?
4
What is the ten millions digit of 208556729?
0
What is the tens digit of 66575706?
0
What is the thousands digit of 582247114?
7
What is the hundreds digit of 62282183?
1
What is the ten thousands digit of 893118858?
1
What is the hundred thousands digit of 16703010?
7
What is the units digit of 95083225?
5
What is the hundred thousands digit of 3922429?
9
What is the hundred thousands digit of 75588709?
5
What is the ten millions digit of 39428812?
3
What is the ten thousands digit of 825848163?
4
What is the millions digit of 2651581558?
1
What is the ten millions digit of 525897836?
2
What is the millions digit of 13353329?
3
What is the millions digit of 532134386?
2
What is the ten millions digit of 494595383?
9
What is the hundred thousands digit of 617995829?
9
What is the ten thousands digit of 64879355?
7
What is the hundred thousands digit of 28527547?
5
What is the hundreds digit of 74163259?
2
What is the tens digit of 92055902?
0
What is the thousands digit of 1037929018?
9
What is the thousands digit of 2490236174?
6
What is the hundred millions digit of 3848190093?
8
What is the tens digit of 150097966?
6
What is the tens digit of 1407960188?
8
What is the millions digit of 8112826420?
2
What is the thousands digit of 133222166?
2
What is the hundred millions digit of 7411940798?
4
What is the hundred millions digit of 470477424?
4
What is the ten millions digit of 55007059?
5
What is the millions digit of 87670226?
7
What is the hundreds digit of 3602542904?
9
What is the units digit of 52103506?
6
What is the units digit of 626399031?
1
What is the millions digit of 312659694?
2
What is the thousands digit of 135988123?
8
What is the hundred thousands digit of 5282540?
2
What is the hundred thousands digit of 24195933?
1
What is the units digit of 34494729?
9
What is the thousands digit of 69851462?
1
What is the hundreds digit of 120122477?
4
What is the tens digit of 712983958?
5
What is the hundred thousands digit of 51413569?
4
What is the tens digit of 123751717?
1
What is the ten millions digit of 5008685457?
0
What is the millions digit of 20332311?
0
What is the millions digit of 927590787?
7
What is the units digit of 320926514?
4
What is the units digit of 71238329?
9
What is the hundreds digit of 1360346303?
3
What is the tens digit of 26827439?
3
What is the ten thousands digit of 59008712?
0
What is the ten millions digit of 1493356261?
9
What is the tens digit of 3164538388?
8
What is the millions digit of 36438547?
6
What is the ten millions digit of 26624102?
2
What is the hundreds digit of 2160861447?
4
What is the millions digit of 7185767369?
5
What is the ten millions digit of 126117929?
2
What is the units digit of 148193534?
4
What is the ten millions digit of 3726512804?
2
What is the ten millions digit of 34472901?
3
What is the millions digit of 1825944196?
5
What is the hundreds digit of 98069009?
0
What is the ten thousands digit of 174168990?
6
What is the tens digit of 30214824?
2
What is the ten thousands digit of 421638139?
3
What is the ten millions digit of 223990857?
2
What is the tens digit of 56999024?
2
What is the hundreds digit of 79857265?
2
What is the hundreds digit of 330371040?
0
What is the units digit of 47469757?
7
What is the tens digit of 38591795?
9
What is 